{"id":16754,"date":"2025-03-28T11:30:19","date_gmt":"2025-03-28T11:30:19","guid":{"rendered":"https:\/\/www.gkl-rijeka.hr\/?page_id=16754"},"modified":"2025-04-22T10:13:58","modified_gmt":"2025-04-22T10:13:58","slug":"svibanjj-2025","status":"publish","type":"page","link":"https:\/\/www.gkl-rijeka.hr\/index.php\/svibanjj-2025\/","title":{"rendered":"Svibanj u Gradskom kazali\u0161tu lutaka Rijeka"},"content":{"rendered":"<p>[et_pb_section admin_label=&#8221;section&#8221;][et_pb_row admin_label=&#8221;row&#8221;][et_pb_column type=&#8221;4_4&#8243;][et_pb_image admin_label=&#8221;Image&#8221; src=&#8221;https:\/\/www.gkl-rijeka.hr\/wp-content\/uploads\/2024\/09\/GKLRi_sezona2425_webbanner2.jpg&#8221; show_in_lightbox=&#8221;off&#8221; url_new_window=&#8221;off&#8221; animation=&#8221;left&#8221; sticky=&#8221;off&#8221; align=&#8221;left&#8221; force_fullwidth=&#8221;off&#8221; always_center_on_mobile=&#8221;on&#8221; use_border_color=&#8221;off&#8221; border_color=&#8221;#ffffff&#8221; border_style=&#8221;solid&#8221;]<\/p>\n<p>&nbsp;<\/p>\n<p>[\/et_pb_image][et_pb_text admin_label=&#8221;Text&#8221; background_layout=&#8221;light&#8221; text_orientation=&#8221;left&#8221; use_border_color=&#8221;off&#8221; border_color=&#8221;#ffffff&#8221; border_style=&#8221;solid&#8221;]<\/p>\n<h1 style=\"text-align: center;\"><strong>Svibanj u Gradskom kazali\u0161tu lutaka Rijeka<\/strong><\/h1>\n<p>&nbsp;<\/p>\n<p>Svibanj u Gradskom kazali\u0161tu lutaka Rijeka donosi raznolike kazali\u0161ne do\u017eivljaje za sve uzraste \u2013 od lutkarskog varijetea do nje\u017enih pri\u010da o ljubavi i snovima.<\/p>\n<p>Uz jednu premijeru i dvije povratni\u010dke uspje\u0161nice, svibanj je idealan mjesec za obiteljski odlazak u kazali\u0161te.<\/p>\n<p>Donosimo vam pregled predstava koje vas o\u010dekuju:<\/p>\n<p>&nbsp;<\/p>\n<p>\u2728 <strong data-start=\"503\" data-end=\"526\">BOMBONIERA VARIETE!<\/strong><\/p>\n<ul>\n<li>Subota, 3. 5. u 11:00 i 18:00<br data-start=\"561\" data-end=\"564\" \/>Autor, redatelj i skladatelj: <strong>Matija Solce<\/strong><br data-start=\"609\" data-end=\"612\" \/>Lokacija: <strong>GKL Rijeka<\/strong><br data-start=\"635\" data-end=\"638\" \/>Lutkarski variete o putovanju kroz prostor i vrijeme inspiriran gradom Rijekom i njegovim ljudima.<\/li>\n<\/ul>\n<hr class=\"\" data-start=\"774\" data-end=\"777\" \/>\n<p><strong data-start=\"782\" data-end=\"811\">PREMIJERA \u2013 SLATKE RIJE\u010cI<\/strong><\/p>\n<ul>\n<li>Subota, 10. 5. u 11:00 i 18:00<br data-start=\"847\" data-end=\"850\" \/>Ponedjeljak, 12. 5. u 18:00<br data-start=\"880\" data-end=\"883\" \/>Subota, 17. 5. u 11:00 i 18:00<br data-start=\"916\" data-end=\"919\" \/>\u010cetvrtak, 22. 5. u 18:00<br data-start=\"946\" data-end=\"949\" \/>Petak, 23. 5. u 18:00<br data-start=\"973\" data-end=\"976\" \/>Subota, 24. 5. u 11:00<br data-start=\"1024\" data-end=\"1027\" \/>Redateljica: <strong>Mateja Bizjak Petit<\/strong><br data-start=\"1062\" data-end=\"1065\" \/>Lokacija: <strong>GKL Rijeka<\/strong><br data-start=\"1088\" data-end=\"1091\" \/>Nje\u017ena\u00a0 predstava o snazi lijepih rije\u010di.<\/li>\n<\/ul>\n<hr class=\"\" data-start=\"1203\" data-end=\"1206\" \/>\n<p><strong data-start=\"1211\" data-end=\"1247\">DAN KAD SAM SE PRETVORIO U PTICU<\/strong><\/p>\n<ul>\n<li>Utorak, 27. 5. u 18:00<br data-start=\"1275\" data-end=\"1278\" \/>\u010cetvrtak, 29. 5. u 18:00<br data-start=\"1305\" data-end=\"1308\" \/>Subota, 31. 5. u 11:00 i 18:00<br data-start=\"1341\" data-end=\"1344\" \/>Redateljica: <strong>Tamara Ku\u010dinovi\u0107<\/strong><br data-start=\"1376\" data-end=\"1379\" \/>Prema slikovnici <strong>Ingrid Chabbert i Raula Nieta Guridija<\/strong><br data-start=\"1437\" data-end=\"1440\" \/>Lokacija: <strong>GKL Rijeka<\/strong><br data-start=\"1463\" data-end=\"1466\" \/>Poeti\u010dna pri\u010da o prvoj ljubavi, ma\u0161ti i hrabrosti.<\/li>\n<\/ul>\n<hr class=\"\" data-start=\"1570\" data-end=\"1573\" \/>\n<p class=\"\" data-start=\"1575\" data-end=\"1873\"><strong data-start=\"1578\" data-end=\"1591\">Ulaznice:<\/strong><br data-start=\"1591\" data-end=\"1594\" \/><strong>4,00 \u20ac<\/strong><br data-start=\"1600\" data-end=\"1603\" \/>Kupnja online: <a class=\"\" href=\"https:\/\/www.gkl-rijeka.hr\" target=\"_new\" rel=\"noopener noreferrer\" data-start=\"1621\" data-end=\"1667\">www.gkl-rijeka.hr<\/a> | Moje karte.hr | RCC portal<br data-start=\"1696\" data-end=\"1699\" \/>Rezervacije: <strong><a rel=\"noopener\" data-start=\"1715\" data-end=\"1739\">blagajna.gklri@gmail.com<\/a><\/strong><br data-start=\"1739\" data-end=\"1742\" \/>Blagajna otvorena sat vremena prije izvedbe.<\/p>\n<p class=\"\" data-start=\"1575\" data-end=\"1873\">Rezervirane ulaznice treba preuzeti najkasnije <strong>30 minuta prije po\u010detka predstave.<\/strong><\/p>\n<p class=\"\" data-start=\"1875\" data-end=\"1901\">Vidimo se u kazali\u0161tu! \u2728<\/p>\n<p>[\/et_pb_text][\/et_pb_column][\/et_pb_row][\/et_pb_section][et_pb_section admin_label=&#8221;Section&#8221; fullwidth=&#8221;off&#8221; specialty=&#8221;off&#8221;][et_pb_row admin_label=&#8221;Row&#8221;][et_pb_column type=&#8221;1_4&#8243;][et_pb_image admin_label=&#8221;Image&#8221; src=&#8221;https:\/\/www.gkl-rijeka.hr\/wp-content\/uploads\/2024\/07\/Bomboniere_012-scaled.jpg&#8221; show_in_lightbox=&#8221;off&#8221; url_new_window=&#8221;on&#8221; animation=&#8221;left&#8221; sticky=&#8221;off&#8221; align=&#8221;left&#8221; force_fullwidth=&#8221;off&#8221; always_center_on_mobile=&#8221;on&#8221; use_border_color=&#8221;off&#8221; border_color=&#8221;#ffffff&#8221; border_style=&#8221;solid&#8221; url=&#8221;https:\/\/www.gkl-rijeka.hr\/index.php\/bomboniera-variete\/&#8221;]<br \/>\n[\/et_pb_image][et_pb_social_media_follow admin_label=&#8221;Social Media Follow&#8221; link_shape=&#8221;circle&#8221; background_layout=&#8221;light&#8221; url_new_window=&#8221;on&#8221; follow_button=&#8221;on&#8221;]<\/p>\n<p>[et_pb_social_media_follow_network social_network=&#8221;instagram&#8221; url=&#8221;https:\/\/www.instagram.com\/gkl_rijeka\/&#8221; skype_action=&#8221;call&#8221; bg_color=&#8221;#bc567c&#8221;] Instagram [\/et_pb_social_media_follow_network]<\/p>\n<p>[\/et_pb_social_media_follow][et_pb_social_media_follow admin_label=&#8221;Social Media Follow&#8221; link_shape=&#8221;circle&#8221; background_layout=&#8221;light&#8221; url_new_window=&#8221;on&#8221; follow_button=&#8221;on&#8221;]<\/p>\n<p>[et_pb_social_media_follow_network social_network=&#8221;facebook&#8221; url=&#8221;https:\/\/www.facebook.com\/gkl.rijeka&#8221; skype_action=&#8221;call&#8221; bg_color=&#8221;#3b5998&#8243;] facebook [\/et_pb_social_media_follow_network]<\/p>\n<p>[\/et_pb_social_media_follow][\/et_pb_column][et_pb_column type=&#8221;1_4&#8243;][et_pb_image admin_label=&#8221;Image&#8221; src=&#8221;https:\/\/www.gkl-rijeka.hr\/wp-content\/uploads\/2025\/02\/Ptice_015.jpg&#8221; show_in_lightbox=&#8221;off&#8221; url_new_window=&#8221;on&#8221; animation=&#8221;left&#8221; sticky=&#8221;off&#8221; align=&#8221;left&#8221; force_fullwidth=&#8221;off&#8221; always_center_on_mobile=&#8221;on&#8221; use_border_color=&#8221;off&#8221; border_color=&#8221;#ffffff&#8221; border_style=&#8221;solid&#8221; url=&#8221;https:\/\/www.gkl-rijeka.hr\/index.php\/dan-kad-sam-se-pretvorio-u-pticu\/&#8221;]<br \/>\n[\/et_pb_image][\/et_pb_column][et_pb_column type=&#8221;1_4&#8243;][et_pb_image admin_label=&#8221;Frenki&#8221; src=&#8221;https:\/\/www.gkl-rijeka.hr\/wp-content\/uploads\/2025\/03\/Sltke-rijec\u2560ii_11-scaled.jpg&#8221; show_in_lightbox=&#8221;off&#8221; url_new_window=&#8221;on&#8221; animation=&#8221;left&#8221; sticky=&#8221;off&#8221; align=&#8221;left&#8221; force_fullwidth=&#8221;off&#8221; always_center_on_mobile=&#8221;on&#8221; use_border_color=&#8221;off&#8221; border_color=&#8221;#ffffff&#8221; border_style=&#8221;solid&#8221; alt=&#8221;Radna fotografija predstave Slatke rije\u010di&#8221; title_text=&#8221;Radna fotografija predstave Slatke rije\u010di&#8221; url=&#8221;https:\/\/www.gkl-rijeka.hr\/index.php\/slatke-rijeci\/&#8221;]<br \/>\n[\/et_pb_image][\/et_pb_column][et_pb_column type=&#8221;1_4&#8243;][\/et_pb_column][\/et_pb_row][\/et_pb_section]<\/p>\n","protected":false},"excerpt":{"rendered":"<p>[et_pb_section admin_label=&#8221;section&#8221;][et_pb_row admin_label=&#8221;row&#8221;][et_pb_column type=&#8221;4_4&#8243;][et_pb_image admin_label=&#8221;Image&#8221; src=&#8221;https:\/\/www.gkl-rijeka.hr\/wp-content\/uploads\/2024\/09\/GKLRi_sezona2425_webbanner2.jpg&#8221; show_in_lightbox=&#8221;off&#8221; url_new_window=&#8221;off&#8221; animation=&#8221;left&#8221; sticky=&#8221;off&#8221; align=&#8221;left&#8221; force_fullwidth=&#8221;off&#8221; always_center_on_mobile=&#8221;on&#8221; use_border_color=&#8221;off&#8221; border_color=&#8221;#ffffff&#8221; border_style=&#8221;solid&#8221;] &nbsp; [\/et_pb_image][et_pb_text admin_label=&#8221;Text&#8221; background_layout=&#8221;light&#8221; text_orientation=&#8221;left&#8221; use_border_color=&#8221;off&#8221; border_color=&#8221;#ffffff&#8221; border_style=&#8221;solid&#8221;] Svibanj u Gradskom kazali\u0161tu lutaka Rijeka &nbsp; Svibanj u Gradskom kazali\u0161tu lutaka Rijeka donosi raznolike kazali\u0161ne do\u017eivljaje za sve uzraste \u2013 od lutkarskog varijetea do nje\u017enih pri\u010da o ljubavi i snovima. [&hellip;]<\/p>\n","protected":false},"author":1,"featured_media":0,"parent":0,"menu_order":0,"comment_status":"closed","ping_status":"closed","template":"","meta":{"spay_email":""},"yoast_head":"<!-- This site is optimized with the Yoast SEO plugin v15.1.1 - https:\/\/yoast.com\/wordpress\/plugins\/seo\/ -->\n<meta name=\"robots\" content=\"index, follow, max-snippet:-1, max-image-preview:large, max-video-preview:-1\" \/>\n<link rel=\"canonical\" href=\"https:\/\/www.gkl-rijeka.hr\/index.php\/svibanjj-2025\/\" \/>\n<meta property=\"og:locale\" content=\"en_US\" \/>\n<meta property=\"og:type\" content=\"article\" \/>\n<meta property=\"og:title\" content=\"Svibanj u Gradskom kazali\u0161tu lutaka Rijeka - Gradsko kazali\u0161te lutaka Rijeka\" \/>\n<meta property=\"og:description\" content=\"[et_pb_section admin_label=&#8221;section&#8221;][et_pb_row admin_label=&#8221;row&#8221;][et_pb_column type=&#8221;4_4&#8243;][et_pb_image admin_label=&#8221;Image&#8221; src=&#8221;https:\/\/www.gkl-rijeka.hr\/wp-content\/uploads\/2024\/09\/GKLRi_sezona2425_webbanner2.jpg&#8221; show_in_lightbox=&#8221;off&#8221; url_new_window=&#8221;off&#8221; animation=&#8221;left&#8221; sticky=&#8221;off&#8221; align=&#8221;left&#8221; force_fullwidth=&#8221;off&#8221; always_center_on_mobile=&#8221;on&#8221; use_border_color=&#8221;off&#8221; border_color=&#8221;#ffffff&#8221; border_style=&#8221;solid&#8221;] &nbsp; [\/et_pb_image][et_pb_text admin_label=&#8221;Text&#8221; background_layout=&#8221;light&#8221; text_orientation=&#8221;left&#8221; use_border_color=&#8221;off&#8221; border_color=&#8221;#ffffff&#8221; border_style=&#8221;solid&#8221;] Svibanj u Gradskom kazali\u0161tu lutaka Rijeka &nbsp; Svibanj u Gradskom kazali\u0161tu lutaka Rijeka donosi raznolike kazali\u0161ne do\u017eivljaje za sve uzraste \u2013 od lutkarskog varijetea do nje\u017enih pri\u010da o ljubavi i snovima. [&hellip;]\" \/>\n<meta property=\"og:url\" content=\"https:\/\/www.gkl-rijeka.hr\/index.php\/svibanjj-2025\/\" \/>\n<meta property=\"og:site_name\" content=\"Gradsko kazali\u0161te lutaka Rijeka\" \/>\n<meta property=\"article:publisher\" content=\"https:\/\/www.facebook.com\/gkl.rijeka\" \/>\n<meta property=\"article:modified_time\" content=\"2025-04-22T10:13:58+00:00\" \/>\n<meta property=\"og:image\" content=\"https:\/\/www.gkl-rijeka.hr\/wp-content\/uploads\/2020\/10\/promocije.jpg?wsr\" \/>\n\t<meta property=\"og:image:width\" content=\"1920\" \/>\n\t<meta property=\"og:image:height\" content=\"1059\" \/>\n<meta property=\"fb:app_id\" content=\"368762594246882\" \/>\n<meta name=\"twitter:card\" content=\"summary\" \/>\n<script type=\"application\/ld+json\" class=\"yoast-schema-graph\">{\"@context\":\"https:\/\/schema.org\",\"@graph\":[{\"@type\":\"Organization\",\"@id\":\"https:\/\/www.gkl-rijeka.hr\/#organization\",\"name\":\"Gradsko kazali\\u0161te lutaka Rijeka\",\"url\":\"https:\/\/www.gkl-rijeka.hr\/\",\"sameAs\":[\"https:\/\/www.facebook.com\/gkl.rijeka\"],\"logo\":{\"@type\":\"ImageObject\",\"@id\":\"https:\/\/www.gkl-rijeka.hr\/#logo\",\"inLanguage\":\"en-US\",\"url\":\"https:\/\/www.gkl-rijeka.hr\/wp-content\/uploads\/2020\/10\/logo_boja_01.png?wsr\",\"width\":209,\"height\":280,\"caption\":\"Gradsko kazali\\u0161te lutaka Rijeka\"},\"image\":{\"@id\":\"https:\/\/www.gkl-rijeka.hr\/#logo\"}},{\"@type\":\"WebSite\",\"@id\":\"https:\/\/www.gkl-rijeka.hr\/#website\",\"url\":\"https:\/\/www.gkl-rijeka.hr\/\",\"name\":\"Gradsko kazali\\u0161te lutaka Rijeka\",\"description\":\"\",\"publisher\":{\"@id\":\"https:\/\/www.gkl-rijeka.hr\/#organization\"},\"potentialAction\":[{\"@type\":\"SearchAction\",\"target\":\"https:\/\/www.gkl-rijeka.hr\/?s={search_term_string}\",\"query-input\":\"required name=search_term_string\"}],\"inLanguage\":\"en-US\"},{\"@type\":\"WebPage\",\"@id\":\"https:\/\/www.gkl-rijeka.hr\/index.php\/svibanjj-2025\/#webpage\",\"url\":\"https:\/\/www.gkl-rijeka.hr\/index.php\/svibanjj-2025\/\",\"name\":\"Svibanj u Gradskom kazali\\u0161tu lutaka Rijeka - Gradsko kazali\\u0161te lutaka Rijeka\",\"isPartOf\":{\"@id\":\"https:\/\/www.gkl-rijeka.hr\/#website\"},\"datePublished\":\"2025-03-28T11:30:19+00:00\",\"dateModified\":\"2025-04-22T10:13:58+00:00\",\"inLanguage\":\"en-US\",\"potentialAction\":[{\"@type\":\"ReadAction\",\"target\":[\"https:\/\/www.gkl-rijeka.hr\/index.php\/svibanjj-2025\/\"]}]}]}<\/script>\n<!-- \/ Yoast SEO plugin. -->","_links":{"self":[{"href":"https:\/\/www.gkl-rijeka.hr\/index.php\/wp-json\/wp\/v2\/pages\/16754"}],"collection":[{"href":"https:\/\/www.gkl-rijeka.hr\/index.php\/wp-json\/wp\/v2\/pages"}],"about":[{"href":"https:\/\/www.gkl-rijeka.hr\/index.php\/wp-json\/wp\/v2\/types\/page"}],"author":[{"embeddable":true,"href":"https:\/\/www.gkl-rijeka.hr\/index.php\/wp-json\/wp\/v2\/users\/1"}],"replies":[{"embeddable":true,"href":"https:\/\/www.gkl-rijeka.hr\/index.php\/wp-json\/wp\/v2\/comments?post=16754"}],"version-history":[{"count":50,"href":"https:\/\/www.gkl-rijeka.hr\/index.php\/wp-json\/wp\/v2\/pages\/16754\/revisions"}],"predecessor-version":[{"id":16884,"href":"https:\/\/www.gkl-rijeka.hr\/index.php\/wp-json\/wp\/v2\/pages\/16754\/revisions\/16884"}],"wp:attachment":[{"href":"https:\/\/www.gkl-rijeka.hr\/index.php\/wp-json\/wp\/v2\/media?parent=16754"}],"curies":[{"name":"wp","href":"https:\/\/api.w.org\/{rel}","templated":true}]}}