{"id":3581,"date":"2016-06-27T15:21:08","date_gmt":"2016-06-27T13:21:08","guid":{"rendered":"http:\/\/www.gkl-rijeka.hr\/?page_id=3581"},"modified":"2018-04-19T15:14:49","modified_gmt":"2018-04-19T13:14:49","slug":"arhiva-predstava","status":"publish","type":"page","link":"https:\/\/www.gkl-rijeka.hr\/index.php\/arhiva-predstava\/","title":{"rendered":"Arhiva predstava"},"content":{"rendered":"<p>[et_pb_section admin_label=&#8221;Section&#8221; fullwidth=&#8221;off&#8221; specialty=&#8221;off&#8221;][et_pb_row admin_label=&#8221;Row&#8221;][et_pb_column type=&#8221;1_3&#8243;][et_pb_text admin_label=&#8221;Naslov liste predstava&#8221; background_layout=&#8221;light&#8221; text_orientation=&#8221;left&#8221; use_border_color=&#8221;off&#8221; border_color=&#8221;#ffffff&#8221; border_style=&#8221;solid&#8221;]<\/p>\n<h1>Arhiva predstava<\/h1>\n<p>[\/et_pb_text][et_pb_text admin_label=&#8221;Lista Predstava&#8221; background_layout=&#8221;light&#8221; text_orientation=&#8221;left&#8221; use_border_color=&#8221;off&#8221; border_color=&#8221;#ffffff&#8221; border_style=&#8221;solid&#8221;]<\/p>\n\n<!--list Created by W4 Post List Ver 2.1.2-->\n<!--W4_Post_list_5839-->\n<div id=\"w4pl-list-5839\" class=\"w4pl\">\n\t<div id=\"w4pl-inner-5839\" class=\"w4pl-inner\">\n\t\t<div style=\"width:100%;\"class=\"listWrapper\">\r\n<div style=\"float:left; width: 100%;\" class=\"listItem\">\r\n<a class=\"post_title w4pl_post_title\" href=\"https:\/\/www.gkl-rijeka.hr\/index.php\/koka-kokone\/\" title=\"View Koka Kokone\">Koka Kokone<\/a>\r\n<\/div>\r\n\r\n<div style=\"float:left; width: 100%;\" class=\"listItem\">\r\n<a class=\"post_title w4pl_post_title\" href=\"https:\/\/www.gkl-rijeka.hr\/index.php\/maca-papucarica\/\" title=\"View Maca Papu\u010darica\">Maca Papu\u010darica<\/a>\r\n<\/div>\r\n\r\n<div style=\"float:left; width: 100%;\" class=\"listItem\">\r\n<a class=\"post_title w4pl_post_title\" href=\"https:\/\/www.gkl-rijeka.hr\/index.php\/plesna-haljina-zutog-maslacka\/\" title=\"View Plesna haljina \u017eutog masla\u010dka\">Plesna haljina \u017eutog masla\u010dka<\/a>\r\n<\/div>\r\n\r\n<div style=\"float:left; width: 100%;\" class=\"listItem\">\r\n<a class=\"post_title w4pl_post_title\" href=\"https:\/\/www.gkl-rijeka.hr\/index.php\/suma-striborova\/\" title=\"View \u0160uma Striborova\">\u0160uma Striborova<\/a>\r\n<\/div>\r\n\r\n<div style=\"float:left; width: 100%;\" class=\"listItem\">\r\n<a class=\"post_title w4pl_post_title\" href=\"https:\/\/www.gkl-rijeka.hr\/index.php\/pepeljuga\/\" title=\"View Pepeljuga\">Pepeljuga<\/a>\r\n<\/div>\r\n\r\n<div style=\"float:left; width: 100%;\" class=\"listItem\">\r\n<a class=\"post_title w4pl_post_title\" href=\"https:\/\/www.gkl-rijeka.hr\/index.php\/snjezna-kraljica\/\" title=\"View Snje\u017ena Kraljica\">Snje\u017ena Kraljica<\/a>\r\n<\/div>\r\n\r\n<div style=\"float:left; width: 100%;\" class=\"listItem\">\r\n<a class=\"post_title w4pl_post_title\" href=\"https:\/\/www.gkl-rijeka.hr\/index.php\/trsatski-zmaj\/\" title=\"View Trsatski zmaj\">Trsatski zmaj<\/a>\r\n<\/div>\r\n\r\n<div style=\"float:left; width: 100%;\" class=\"listItem\">\r\n<a class=\"post_title w4pl_post_title\" href=\"https:\/\/www.gkl-rijeka.hr\/index.php\/moje-tijelo-2\/\" title=\"View Moje tijelo\">Moje tijelo<\/a>\r\n<\/div>\r\n\r\n<div style=\"float:left; width: 100%;\" class=\"listItem\">\r\n<a class=\"post_title w4pl_post_title\" href=\"https:\/\/www.gkl-rijeka.hr\/index.php\/snjeguljica-d-d\/\" title=\"View Snjeguljica d.d.\">Snjeguljica d.d.<\/a>\r\n<\/div>\r\n\r\n<div style=\"float:left; width: 100%;\" class=\"listItem\">\r\n<a class=\"post_title w4pl_post_title\" href=\"https:\/\/www.gkl-rijeka.hr\/index.php\/beba-bebac\/\" title=\"View Beba Beba\u010d\">Beba Beba\u010d<\/a>\r\n<\/div>\r\n\r\n<div style=\"float:left; width: 100%;\" class=\"listItem\">\r\n<a class=\"post_title w4pl_post_title\" href=\"https:\/\/www.gkl-rijeka.hr\/index.php\/ciklus-pricopredstava-mala-sirena\/\" title=\"View Ciklus Pri\u010dopredstava: Mala sirena\">Ciklus Pri\u010dopredstava: Mala sirena<\/a>\r\n<\/div>\r\n\r\n<div style=\"float:left; width: 100%;\" class=\"listItem\">\r\n<a class=\"post_title w4pl_post_title\" href=\"https:\/\/www.gkl-rijeka.hr\/index.php\/palacinka-mog-zivota\/\" title=\"View Pala\u010dinka mog \u017eivota\">Pala\u010dinka mog \u017eivota<\/a>\r\n<\/div>\r\n\r\n<div style=\"float:left; width: 100%;\" class=\"listItem\">\r\n<a class=\"post_title w4pl_post_title\" href=\"https:\/\/www.gkl-rijeka.hr\/index.php\/pipi-duga-carapa\/\" title=\"View Pipi Duga \u010carapa\">Pipi Duga \u010carapa<\/a>\r\n<\/div>\r\n\r\n<div style=\"float:left; width: 100%;\" class=\"listItem\">\r\n<a class=\"post_title w4pl_post_title\" href=\"https:\/\/www.gkl-rijeka.hr\/index.php\/ciklus-pricopredstava-bozicna-prica\/\" title=\"View Ciklus Pri\u010dopredstava: Bo\u017ei\u0107na pri\u010da\">Ciklus Pri\u010dopredstava: Bo\u017ei\u0107na pri\u010da<\/a>\r\n<\/div>\r\n\r\n<div style=\"float:left; width: 100%;\" class=\"listItem\">\r\n<a class=\"post_title w4pl_post_title\" href=\"https:\/\/www.gkl-rijeka.hr\/index.php\/tri-prascica-2\/\" title=\"View Tri pra\u0161\u010di\u0107a\">Tri pra\u0161\u010di\u0107a<\/a>\r\n<\/div>\r\n\r\n<div style=\"float:left; width: 100%;\" class=\"listItem\">\r\n<a class=\"post_title w4pl_post_title\" href=\"https:\/\/www.gkl-rijeka.hr\/index.php\/srecine-cipele\/\" title=\"View Sre\u0107ine cipele\">Sre\u0107ine cipele<\/a>\r\n<\/div>\r\n\r\n<div style=\"float:left; width: 100%;\" class=\"listItem\">\r\n<a class=\"post_title w4pl_post_title\" href=\"https:\/\/www.gkl-rijeka.hr\/index.php\/cetiri-godisnja-doba\/\" title=\"View \u010cetiri godi\u0161nja doba\">\u010cetiri godi\u0161nja doba<\/a>\r\n<\/div>\r\n\r\n<div style=\"float:left; width: 100%;\" class=\"listItem\">\r\n<a class=\"post_title w4pl_post_title\" href=\"https:\/\/www.gkl-rijeka.hr\/index.php\/divski-dvori\/\" title=\"View Divmali grad\">Divmali grad<\/a>\r\n<\/div>\r\n\r\n<div style=\"float:left; width: 100%;\" class=\"listItem\">\r\n<a class=\"post_title w4pl_post_title\" href=\"https:\/\/www.gkl-rijeka.hr\/index.php\/wanda-lavanda-2\/\" title=\"View Wanda Lavanda\">Wanda Lavanda<\/a>\r\n<\/div>\r\n\r\n<div style=\"float:left; width: 100%;\" class=\"listItem\">\r\n<a class=\"post_title w4pl_post_title\" href=\"https:\/\/www.gkl-rijeka.hr\/index.php\/snjeguljica-d-d-3\/\" title=\"View Snjeguljica d.d.\">Snjeguljica d.d.<\/a>\r\n<\/div>\r\n\r\n<div style=\"float:left; width: 100%;\" class=\"listItem\">\r\n<a class=\"post_title w4pl_post_title\" href=\"https:\/\/www.gkl-rijeka.hr\/index.php\/izgubljena-prica-ivica-i-marica-2\/\" title=\"View Izgubljena pri\u010da: Ivica i Marica\">Izgubljena pri\u010da: Ivica i Marica<\/a>\r\n<\/div>\r\n\r\n<div style=\"float:left; width: 100%;\" class=\"listItem\">\r\n<a class=\"post_title w4pl_post_title\" href=\"https:\/\/www.gkl-rijeka.hr\/index.php\/gdje-su-nestale-carapice-2\/\" title=\"View Gdje su nestale \u010darapice?\">Gdje su nestale \u010darapice?<\/a>\r\n<\/div>\r\n\r\n<div style=\"float:left; width: 100%;\" class=\"listItem\">\r\n<a class=\"post_title w4pl_post_title\" href=\"https:\/\/www.gkl-rijeka.hr\/index.php\/zamrznute-pjesme\/\" title=\"View Zamrznute pjesme\">Zamrznute pjesme<\/a>\r\n<\/div>\r\n\r\n<div style=\"float:left; width: 100%;\" class=\"listItem\">\r\n<a class=\"post_title w4pl_post_title\" href=\"https:\/\/www.gkl-rijeka.hr\/index.php\/macak-u-cizmama\/\" title=\"View Ma\u010dak u \u010dizmama\">Ma\u010dak u \u010dizmama<\/a>\r\n<\/div>\r\n\r\n<div style=\"float:left; width: 100%;\" class=\"listItem\">\r\n<a class=\"post_title w4pl_post_title\" href=\"https:\/\/www.gkl-rijeka.hr\/index.php\/avanture-malog-juju\/\" title=\"View Avanture maloga Juju\">Avanture maloga Juju<\/a>\r\n<\/div>\r\n\r\n<div style=\"float:left; width: 100%;\" class=\"listItem\">\r\n<a class=\"post_title w4pl_post_title\" href=\"https:\/\/www.gkl-rijeka.hr\/index.php\/mali-princ-pjesma-o-ljubavi\/\" title=\"View Mali princ\">Mali princ<\/a>\r\n<\/div>\r\n\r\n<div style=\"float:left; width: 100%;\" class=\"listItem\">\r\n<a class=\"post_title w4pl_post_title\" href=\"https:\/\/www.gkl-rijeka.hr\/index.php\/krpimirci\/\" title=\"View Krpimirci\">Krpimirci<\/a>\r\n<\/div>\r\n\r\n<div style=\"float:left; width: 100%;\" class=\"listItem\">\r\n<a class=\"post_title w4pl_post_title\" href=\"https:\/\/www.gkl-rijeka.hr\/index.php\/kisa\/\" title=\"View Ki\u0161a\">Ki\u0161a<\/a>\r\n<\/div>\r\n\r\n<div style=\"float:left; width: 100%;\" class=\"listItem\">\r\n<a class=\"post_title w4pl_post_title\" href=\"https:\/\/www.gkl-rijeka.hr\/index.php\/flekavac\/\" title=\"View Flekavac\">Flekavac<\/a>\r\n<\/div>\r\n\r\n<div style=\"float:left; width: 100%;\" class=\"listItem\">\r\n<a class=\"post_title w4pl_post_title\" href=\"https:\/\/www.gkl-rijeka.hr\/index.php\/sretna-kucica\/\" title=\"View Sretna ku\u0107ica\">Sretna ku\u0107ica<\/a>\r\n<\/div>\r\n\r\n<div style=\"float:left; width: 100%;\" class=\"listItem\">\r\n<a class=\"post_title w4pl_post_title\" href=\"https:\/\/www.gkl-rijeka.hr\/index.php\/carobna-svirala\/\" title=\"View \u010carobna svirala\">\u010carobna svirala<\/a>\r\n<\/div>\r\n\r\n<div style=\"float:left; width: 100%;\" class=\"listItem\">\r\n<a class=\"post_title w4pl_post_title\" href=\"https:\/\/www.gkl-rijeka.hr\/index.php\/kralj-edip\/\" title=\"View Kralj Edip\">Kralj Edip<\/a>\r\n<\/div>\r\n\r\n<div style=\"float:left; width: 100%;\" class=\"listItem\">\r\n<a class=\"post_title w4pl_post_title\" href=\"https:\/\/www.gkl-rijeka.hr\/index.php\/nove-zgode-wande-lavande\/\" title=\"View Nove zgode Wande Lavande\">Nove zgode Wande Lavande<\/a>\r\n<\/div>\r\n\r\n<div style=\"float:left; width: 100%;\" class=\"listItem\">\r\n<a class=\"post_title w4pl_post_title\" href=\"https:\/\/www.gkl-rijeka.hr\/index.php\/carevo-novo-ruho-2\/\" title=\"View Carevo novo ruho\">Carevo novo ruho<\/a>\r\n<\/div>\r\n\r\n<div style=\"float:left; width: 100%;\" class=\"listItem\">\r\n<a class=\"post_title w4pl_post_title\" href=\"https:\/\/www.gkl-rijeka.hr\/index.php\/oh-la-la\/\" title=\"View Oh La La\">Oh La La<\/a>\r\n<\/div>\r\n\r\n<div style=\"float:left; width: 100%;\" class=\"listItem\">\r\n<a class=\"post_title w4pl_post_title\" href=\"https:\/\/www.gkl-rijeka.hr\/index.php\/moj-prijatelj-mraz\/\" title=\"View Moj prijatelj Mraz\">Moj prijatelj Mraz<\/a>\r\n<\/div>\r\n\r\n<div style=\"float:left; width: 100%;\" class=\"listItem\">\r\n<a class=\"post_title w4pl_post_title\" href=\"https:\/\/www.gkl-rijeka.hr\/index.php\/dobar-tek\/\" title=\"View Dobar tek!\">Dobar tek!<\/a>\r\n<\/div>\r\n\r\n<div style=\"float:left; width: 100%;\" class=\"listItem\">\r\n<a class=\"post_title w4pl_post_title\" href=\"https:\/\/www.gkl-rijeka.hr\/index.php\/srce-vece-od-mene-samog\/\" title=\"View Srce ve\u0107e od mene samog\">Srce ve\u0107e od mene samog<\/a>\r\n<\/div>\r\n\r\n<div style=\"float:left; width: 100%;\" class=\"listItem\">\r\n<a class=\"post_title w4pl_post_title\" href=\"https:\/\/www.gkl-rijeka.hr\/index.php\/carobnjak-iz-oza\/\" title=\"View \u010carobnjak iz Oza\">\u010carobnjak iz Oza<\/a>\r\n<\/div>\r\n\r\n<div style=\"float:left; width: 100%;\" class=\"listItem\">\r\n<a class=\"post_title w4pl_post_title\" href=\"https:\/\/www.gkl-rijeka.hr\/index.php\/mrljek-i-prljek\/\" title=\"View Mrljek i Prljek\">Mrljek i Prljek<\/a>\r\n<\/div>\r\n\r\n<div style=\"float:left; width: 100%;\" class=\"listItem\">\r\n<a class=\"post_title w4pl_post_title\" href=\"https:\/\/www.gkl-rijeka.hr\/index.php\/pcelica-maja-2\/\" title=\"View P\u010delica Maja\">P\u010delica Maja<\/a>\r\n<\/div>\r\n\r\n<div style=\"float:left; width: 100%;\" class=\"listItem\">\r\n<a class=\"post_title w4pl_post_title\" href=\"https:\/\/www.gkl-rijeka.hr\/index.php\/trnoruzica-elektro-bajka\/\" title=\"View Trnoru\u017eica \u2013 elektro bajka\">Trnoru\u017eica \u2013 elektro bajka<\/a>\r\n<\/div>\r\n\r\n<div style=\"float:left; width: 100%;\" class=\"listItem\">\r\n<a class=\"post_title w4pl_post_title\" href=\"https:\/\/www.gkl-rijeka.hr\/index.php\/toncic-petesic\/\" title=\"View Ton\u010di\u0107 Pete\u0161i\u0107\">Ton\u010di\u0107 Pete\u0161i\u0107<\/a>\r\n<\/div>\r\n\r\n<div style=\"float:left; width: 100%;\" class=\"listItem\">\r\n<a class=\"post_title w4pl_post_title\" href=\"https:\/\/www.gkl-rijeka.hr\/index.php\/zabeceda\/\" title=\"View \u017dabeceda\">\u017dabeceda<\/a>\r\n<\/div>\r\n\r\n<div style=\"float:left; width: 100%;\" class=\"listItem\">\r\n<a class=\"post_title w4pl_post_title\" href=\"https:\/\/www.gkl-rijeka.hr\/index.php\/bomboniera-variete\/\" title=\"View Bomboniera Variete!\">Bomboniera Variete!<\/a>\r\n<\/div>\r\n\r\n<div style=\"float:left; width: 100%;\" class=\"listItem\">\r\n<a class=\"post_title w4pl_post_title\" href=\"https:\/\/www.gkl-rijeka.hr\/index.php\/zeko-i-potocic\/\" title=\"View Zeko i poto\u010di\u0107\">Zeko i poto\u010di\u0107<\/a>\r\n<\/div>\r\n\r\n<div style=\"float:left; width: 100%;\" class=\"listItem\">\r\n<a class=\"post_title w4pl_post_title\" href=\"https:\/\/www.gkl-rijeka.hr\/index.php\/vrlo-zapetljan-cvor\/\" title=\"View Vrlo zapetljan \u010dvor\">Vrlo zapetljan \u010dvor<\/a>\r\n<\/div>\r\n\r\n<div style=\"float:left; width: 100%;\" class=\"listItem\">\r\n<a class=\"post_title w4pl_post_title\" href=\"https:\/\/www.gkl-rijeka.hr\/index.php\/jezeva-kucica-6\/\" title=\"View Je\u017eeva ku\u0107ica\">Je\u017eeva ku\u0107ica<\/a>\r\n<\/div>\r\n\r\n<div style=\"float:left; width: 100%;\" class=\"listItem\">\r\n<a class=\"post_title w4pl_post_title\" href=\"https:\/\/www.gkl-rijeka.hr\/index.php\/dan-kad-sam-se-pretvorio-u-pticu\/\" title=\"View Dan kad sam se pretvorio u pticu\">Dan kad sam se pretvorio u pticu<\/a>\r\n<\/div>\r\n\r\n<div style=\"float:left; width: 100%;\" class=\"listItem\">\r\n<a class=\"post_title w4pl_post_title\" href=\"https:\/\/www.gkl-rijeka.hr\/index.php\/slatke-rijeci\/\" title=\"View Slatke rije\u010di\">Slatke rije\u010di<\/a>\r\n<\/div>\r\n\r\n<div style=\"float:left; width: 100%;\" class=\"listItem\">\r\n<a class=\"post_title w4pl_post_title\" href=\"https:\/\/www.gkl-rijeka.hr\/index.php\/optuzeni-vuk\/\" title=\"View Optu\u017eeni Vuk\">Optu\u017eeni Vuk<\/a>\r\n<\/div>\r\n\r\n<div style=\"float:left; width: 100%;\" class=\"listItem\">\r\n<a class=\"post_title w4pl_post_title\" href=\"https:\/\/www.gkl-rijeka.hr\/index.php\/misevi\/\" title=\"View Mi\u0161evi i ma\u010dke naglava\u010dke\">Mi\u0161evi i ma\u010dke naglava\u010dke<\/a>\r\n<\/div>\r\n<\/div>\n\t<\/div><!--#w4pl-inner-5839-->\n<\/div><!--#w4pl-5839-->\n<!--END_W4_Post_list_5839-->\n\n<p>[\/et_pb_text][\/et_pb_column][et_pb_column type=&#8221;2_3&#8243;][et_pb_blog admin_label=&#8221;Lista predstava&#8221; fullwidth=&#8221;off&#8221; posts_number=&#8221;12&#8243; include_categories=&#8221;29&#8243; show_thumbnail=&#8221;on&#8221; show_content=&#8221;off&#8221; show_more=&#8221;on&#8221; show_author=&#8221;off&#8221; show_date=&#8221;off&#8221; show_categories=&#8221;off&#8221; show_comments=&#8221;off&#8221; show_pagination=&#8221;on&#8221; offset_number=&#8221;0&#8243; background_layout=&#8221;light&#8221; use_dropshadow=&#8221;on&#8221; body_font_size=&#8221;15&#8243; use_border_color=&#8221;off&#8221; border_color=&#8221;#ffffff&#8221; border_style=&#8221;solid&#8221;]<\/p>\n<p>[\/et_pb_blog][\/et_pb_column][\/et_pb_row][\/et_pb_section]<\/p>\n","protected":false},"excerpt":{"rendered":"<p>[et_pb_section admin_label=&#8221;Section&#8221; fullwidth=&#8221;off&#8221; specialty=&#8221;off&#8221;][et_pb_row admin_label=&#8221;Row&#8221;][et_pb_column type=&#8221;1_3&#8243;][et_pb_text admin_label=&#8221;Naslov liste predstava&#8221; background_layout=&#8221;light&#8221; text_orientation=&#8221;left&#8221; use_border_color=&#8221;off&#8221; border_color=&#8221;#ffffff&#8221; border_style=&#8221;solid&#8221;] Arhiva predstava [\/et_pb_text][et_pb_text admin_label=&#8221;Lista Predstava&#8221; background_layout=&#8221;light&#8221; text_orientation=&#8221;left&#8221; use_border_color=&#8221;off&#8221; border_color=&#8221;#ffffff&#8221; border_style=&#8221;solid&#8221;] [\/et_pb_text][\/et_pb_column][et_pb_column type=&#8221;2_3&#8243;][et_pb_blog admin_label=&#8221;Lista predstava&#8221; fullwidth=&#8221;off&#8221; posts_number=&#8221;12&#8243; include_categories=&#8221;29&#8243; show_thumbnail=&#8221;on&#8221; show_content=&#8221;off&#8221; show_more=&#8221;on&#8221; show_author=&#8221;off&#8221; show_date=&#8221;off&#8221; show_categories=&#8221;off&#8221; show_comments=&#8221;off&#8221; show_pagination=&#8221;on&#8221; offset_number=&#8221;0&#8243; background_layout=&#8221;light&#8221; use_dropshadow=&#8221;on&#8221; body_font_size=&#8221;15&#8243; use_border_color=&#8221;off&#8221; border_color=&#8221;#ffffff&#8221; border_style=&#8221;solid&#8221;] [\/et_pb_blog][\/et_pb_column][\/et_pb_row][\/et_pb_section]<\/p>\n","protected":false},"author":1,"featured_media":0,"parent":0,"menu_order":0,"comment_status":"closed","ping_status":"closed","template":"","meta":{"spay_email":""},"yoast_head":"<!-- This site is optimized with the Yoast SEO plugin v15.1.1 - https:\/\/yoast.com\/wordpress\/plugins\/seo\/ -->\n<meta name=\"robots\" content=\"index, follow, max-snippet:-1, max-image-preview:large, max-video-preview:-1\" \/>\n<link rel=\"canonical\" href=\"https:\/\/www.gkl-rijeka.hr\/index.php\/arhiva-predstava\/\" \/>\n<meta property=\"og:locale\" content=\"en_US\" \/>\n<meta property=\"og:type\" content=\"article\" \/>\n<meta property=\"og:title\" content=\"Arhiva predstava - Gradsko kazali\u0161te lutaka Rijeka\" \/>\n<meta property=\"og:description\" content=\"[et_pb_section admin_label=&#8221;Section&#8221; fullwidth=&#8221;off&#8221; specialty=&#8221;off&#8221;][et_pb_row admin_label=&#8221;Row&#8221;][et_pb_column type=&#8221;1_3&#8243;][et_pb_text admin_label=&#8221;Naslov liste predstava&#8221; background_layout=&#8221;light&#8221; text_orientation=&#8221;left&#8221; use_border_color=&#8221;off&#8221; border_color=&#8221;#ffffff&#8221; border_style=&#8221;solid&#8221;] Arhiva predstava [\/et_pb_text][et_pb_text admin_label=&#8221;Lista Predstava&#8221; background_layout=&#8221;light&#8221; text_orientation=&#8221;left&#8221; use_border_color=&#8221;off&#8221; border_color=&#8221;#ffffff&#8221; border_style=&#8221;solid&#8221;] [\/et_pb_text][\/et_pb_column][et_pb_column type=&#8221;2_3&#8243;][et_pb_blog admin_label=&#8221;Lista predstava&#8221; fullwidth=&#8221;off&#8221; posts_number=&#8221;12&#8243; include_categories=&#8221;29&#8243; show_thumbnail=&#8221;on&#8221; show_content=&#8221;off&#8221; show_more=&#8221;on&#8221; show_author=&#8221;off&#8221; show_date=&#8221;off&#8221; show_categories=&#8221;off&#8221; show_comments=&#8221;off&#8221; show_pagination=&#8221;on&#8221; offset_number=&#8221;0&#8243; background_layout=&#8221;light&#8221; use_dropshadow=&#8221;on&#8221; body_font_size=&#8221;15&#8243; use_border_color=&#8221;off&#8221; border_color=&#8221;#ffffff&#8221; border_style=&#8221;solid&#8221;] [\/et_pb_blog][\/et_pb_column][\/et_pb_row][\/et_pb_section]\" \/>\n<meta property=\"og:url\" content=\"https:\/\/www.gkl-rijeka.hr\/index.php\/arhiva-predstava\/\" \/>\n<meta property=\"og:site_name\" content=\"Gradsko kazali\u0161te lutaka Rijeka\" \/>\n<meta property=\"article:publisher\" content=\"https:\/\/www.facebook.com\/gkl.rijeka\" \/>\n<meta property=\"article:modified_time\" content=\"2018-04-19T13:14:49+00:00\" \/>\n<meta property=\"og:image\" content=\"https:\/\/www.gkl-rijeka.hr\/wp-content\/uploads\/2020\/10\/promocije.jpg?wsr\" \/>\n\t<meta property=\"og:image:width\" content=\"1920\" \/>\n\t<meta property=\"og:image:height\" content=\"1059\" \/>\n<meta property=\"fb:app_id\" content=\"368762594246882\" \/>\n<meta name=\"twitter:card\" content=\"summary\" \/>\n<script type=\"application\/ld+json\" class=\"yoast-schema-graph\">{\"@context\":\"https:\/\/schema.org\",\"@graph\":[{\"@type\":\"Organization\",\"@id\":\"https:\/\/www.gkl-rijeka.hr\/#organization\",\"name\":\"Gradsko kazali\\u0161te lutaka Rijeka\",\"url\":\"https:\/\/www.gkl-rijeka.hr\/\",\"sameAs\":[\"https:\/\/www.facebook.com\/gkl.rijeka\"],\"logo\":{\"@type\":\"ImageObject\",\"@id\":\"https:\/\/www.gkl-rijeka.hr\/#logo\",\"inLanguage\":\"en-US\",\"url\":\"https:\/\/www.gkl-rijeka.hr\/wp-content\/uploads\/2020\/10\/logo_boja_01.png?wsr\",\"width\":209,\"height\":280,\"caption\":\"Gradsko kazali\\u0161te lutaka Rijeka\"},\"image\":{\"@id\":\"https:\/\/www.gkl-rijeka.hr\/#logo\"}},{\"@type\":\"WebSite\",\"@id\":\"https:\/\/www.gkl-rijeka.hr\/#website\",\"url\":\"https:\/\/www.gkl-rijeka.hr\/\",\"name\":\"Gradsko kazali\\u0161te lutaka Rijeka\",\"description\":\"\",\"publisher\":{\"@id\":\"https:\/\/www.gkl-rijeka.hr\/#organization\"},\"potentialAction\":[{\"@type\":\"SearchAction\",\"target\":\"https:\/\/www.gkl-rijeka.hr\/?s={search_term_string}\",\"query-input\":\"required name=search_term_string\"}],\"inLanguage\":\"en-US\"},{\"@type\":\"WebPage\",\"@id\":\"https:\/\/www.gkl-rijeka.hr\/index.php\/arhiva-predstava\/#webpage\",\"url\":\"https:\/\/www.gkl-rijeka.hr\/index.php\/arhiva-predstava\/\",\"name\":\"Arhiva predstava - Gradsko kazali\\u0161te lutaka Rijeka\",\"isPartOf\":{\"@id\":\"https:\/\/www.gkl-rijeka.hr\/#website\"},\"datePublished\":\"2016-06-27T13:21:08+00:00\",\"dateModified\":\"2018-04-19T13:14:49+00:00\",\"inLanguage\":\"en-US\",\"potentialAction\":[{\"@type\":\"ReadAction\",\"target\":[\"https:\/\/www.gkl-rijeka.hr\/index.php\/arhiva-predstava\/\"]}]}]}<\/script>\n<!-- \/ Yoast SEO plugin. -->","_links":{"self":[{"href":"https:\/\/www.gkl-rijeka.hr\/index.php\/wp-json\/wp\/v2\/pages\/3581"}],"collection":[{"href":"https:\/\/www.gkl-rijeka.hr\/index.php\/wp-json\/wp\/v2\/pages"}],"about":[{"href":"https:\/\/www.gkl-rijeka.hr\/index.php\/wp-json\/wp\/v2\/types\/page"}],"author":[{"embeddable":true,"href":"https:\/\/www.gkl-rijeka.hr\/index.php\/wp-json\/wp\/v2\/users\/1"}],"replies":[{"embeddable":true,"href":"https:\/\/www.gkl-rijeka.hr\/index.php\/wp-json\/wp\/v2\/comments?post=3581"}],"version-history":[{"count":5,"href":"https:\/\/www.gkl-rijeka.hr\/index.php\/wp-json\/wp\/v2\/pages\/3581\/revisions"}],"predecessor-version":[{"id":5840,"href":"https:\/\/www.gkl-rijeka.hr\/index.php\/wp-json\/wp\/v2\/pages\/3581\/revisions\/5840"}],"wp:attachment":[{"href":"https:\/\/www.gkl-rijeka.hr\/index.php\/wp-json\/wp\/v2\/media?parent=3581"}],"curies":[{"name":"wp","href":"https:\/\/api.w.org\/{rel}","templated":true}]}}